= -19 + 1. Let m be 6344/78 + (-10)/(-6). Let s = m + n. List the prime factors of s.
5, 13
Suppose -2*u = 3*s - 11605, -4*u + 9*s - 14*s + 23207 = 0. What are the prime factors of u?
2, 13, 223
Let j = -2134 + 3536. Let p = j - 713. List the prime factors of p.
13, 53
Suppose 10*b + 14 = 44. Suppose -s = -5*x - 0*x - 1271, b*s - 3903 = -3*x. What are the prime factors of s?
2, 3
Let q(f) = f**2 - 8*f - 32. Let h be 27/(-9) - (-2 - 10). Suppose 0*o + h = -2*o + v, 0 = -2*o - 3*v - 13. What are the prime factors of q(o)?
3, 11
Let h = 21 - 18. Suppose -h*o + 5*i = -119, -2*i = 2*o - 0*i - 58. Let m = o + -25. What are the prime factors of m?
2
Suppose -4*q + 5*o = q - 43710, 0 = -3*q - 3*o + 26268. What are the prime factors of q?
13, 673
Let r = 14888 - 5030. What are the prime factors of r?
2, 3, 31, 53
Let g = -25413 + 61377. List the prime factors of g.
2, 3, 37
Suppose 11*b + 139 = 10*b. Let d be (-3)/(382/(-190) - -2). Let o = b + d. List the prime factors of o.
2, 73
Let k(o) = 10*o**2 + 171*o - 19. List the prime factors of k(-22).
3, 353
Suppose -1862 - 578 = -5*z. Suppose 16*x + z = 20*x. What are the prime factors of x?
2, 61
Let w(b) = 7*b - 86. Let d be w(11). What are the prime factors of ((-1137)/d)/((24/(-9))/(-8))?
379
Suppose 378*b - 379*b + 94 = 0. Suppose 0 = 5*o - 126 - b. List the prime factors of o.
2, 11
Let b = -417 - -255. Let o = -30 - -10. List the prime factors of (1/(4/b))/(15/o).
2, 3
Let l(h) = -h**3 + 9*h**2 - 5*h - 5. Let t be 4 + -4 + 12 - 3. Let g(p) = -p**3 + 8*p**2 + 11*p - 12. Let n be g(t). What are the prime factors of l(n)?
73
Let l(w) = w**3 + 7*w**2 - 7*w + 5. Let b be l(-8). What are the prime factors of 38*(-6 - -18) + (b - 1)?
2, 113
Suppose -8*a + 8274 = -1630. Suppose -5*g = 3*w - a, 3*w - 152 = -g + 1070. What are the prime factors of w?
2, 7, 29
Let t(r) = r**2 - 7*r - 18. Let l be t(9). Suppose l = a - 0 + 13. Let v(z) = 3*z**2 + 30*z + 15. List the prime factors of v(a).
2, 3, 11
Suppose 0 = -g, -5*u - 10*g + 21305 = -6*g. What are the prime factors of u?
4261
Let o = -106 + 111. Let r(n) be the first derivative of 9*n**2 + 16*n + 2. What are the prime factors of r(o)?
2, 53
Suppose -3*m - 33 = -4*m. Let j = -28046 - -28049. Suppose -t - 5*y + j = 1, -4*t + m = -5*y. What are the prime factors of t?
7
Suppose -y = -50 - 138. Suppose 4*z = 5*m + 719, -30*z = -31*z + 4*m + y. List the prime factors of z.
2, 11
Suppose 23*k = 24*k - 1072. Suppose -h + 4*f = -277, -4*h - 4*f + k = 4. List the prime factors of h.
269
Let k be 3 + 2 + -9 + 1246. Suppose 157*d = 151*d + k. List the prime factors of d.
3, 23
Suppose 98939 + 40443 = 11*z - 213509. What are the prime factors of z?
7, 4583
Suppose -16*n + 10920 = 5*n. What are the prime factors of n + 6/(9 - 3)?
521
Let i = -12071 - -22733. List the prime factors of i.
2, 3, 1777
Let z be (-2 - (1 - 0))*(-28)/(-12). Let i = z + 5. List the prime factors of 188/4 + 1/(2/i).
2, 23
Let g(y) = 3420*y**3 - 3*y**2 - 57*y + 103. What are the prime factors of g(2)?
27337
Suppose -2*r = 5*w, -5*w = 3*r - 7*r - 30. Let n(a) = 1 - 9 + 2 - 12 + a**w. What are the prime factors of n(10)?
2, 41
What are the prime factors of 13 + 36/(-3) + 1786?
1787
Suppose -587144 - 898846 = -30*l. What are the prime factors of l?
3, 11, 19, 79
Let j = 2066 - -6001. What are the prime factors of j?
3, 2689
Let v(j) = -j**2 - 33*j + 1. Let c(q) = 3*q**3 + q**2 - 2. Let k be c(1). Suppose 44 = -3*n - 5*p - 0*p, -k*n - 12 = -p. What are the prime factors of v(n)?
3, 67
Let f(i) = i**3 + 5*i**2 + 4*i - 1. Let l be f(-3). Suppose 9*o + 840 = 11*o. Suppose c - 4*s = -3*c + o, -l*c - 5*s = -565. What are the prime factors of c?
109
Suppose 879 = 3*g - 129. Suppose -2*v + 9*v = g. Suppose 2*o - v - 150 = 0. List the prime factors of o.
3, 11
List the prime factors of ((-28)/48*-38 - (-2)/6)*122.
3, 5, 61
Let p(z) = 10*z - z - 54*z + 6. Let o be p(-8). Suppose 5*j - 354 - o = 0. List the prime factors of j.
2, 3
Let i(j) be the first derivative of -j**2 + 48*j - 78. Let s = -22 + 2. List the prime factors of i(s).
2, 11
Let d(w) = w**2 + 6*w + 6. Let i be d(-1). Let c(n) = -18*n - i - 2 + 9. List the prime factors of c(-5).
2, 3
Suppose q + 3 = 2. Let t(z) = -82*z**2 + 6*z + 14. Let n(o) = 165*o**2 - 11*o - 25. Let k(a) = 4*n(a) + 7*t(a). List the prime factors of k(q).
2, 43
Suppose -128074 - 315391 = -121*v. List the prime factors of v.
5, 733
Let z(t) = 3*t - 21. Let x be z(14). Let w(c) = -10*c**2 + 4*c - 4 + 26*c**2 + x*c**2. What are the prime factors of w(1)?
37
Suppose -5*k - 58291 = -4*m - 10955, 2*k = k. List the prime factors of m.
2, 61, 97
Let g be (-1)/(-3) - 15490/(-15). Suppose 2*c + 3*y - g = 0, 5*c = y + 1952 + 588. List the prime factors of c.
509
Suppose -4628*x = -4713*x + 3084905. List the prime factors of x.
36293
Let w = -67 - -27458. What are the prime factors of w?
7, 13, 43
Suppose 9*b = 5*b + 856. Let u = b - -459. List the prime factors of u.
673
Let f(n) = 4*n**2 + 39*n + 1510. List the prime factors of f(0).
2, 5, 151
Suppose -72*n - 462 = -86*n. Let d = -47 + 6031. List the prime factors of d/n + 4/(-3).
2, 3, 5
Let n(z) = 7912*z**2 + 9*z. List the prime factors of n(-1).
7, 1129
Suppose 2032 = 3*f - 85*k + 87*k, k = 3*f - 2026. List the prime factors of f.
2, 13
Let h = -156 + 159. Suppose n - 899 = -h*v, 0 = -6*n + n - 20. List the prime factors of v.
7, 43
Let r(g) = -g**3 + 47*g**2 - 48*g + 80. Let c be r(46). Let o(w) = 5*w**3 - 29*w - 2*w**3 - 2*w**3 - 3 + 11*w**2. What are the prime factors of o(c)?
3, 67
List the prime factors of -531 + 5124 + (1 + -2)*-1.
2, 2297
Suppose 0 = 33*p - 12*p - 2571744. List the prime factors of (p/(-516))/((1/(-1))/6).
2, 89
Let t(x) = -7*x**3 + 6*x**2 + 5*x - 5. Let m be t(-7). Suppose -5*i + m = 10*i. List the prime factors of i.
3, 59
Let t = -137 + 254. Suppose 1519 = t*w - 116*w. What are the prime factors of w?
7, 31
Let g(r) = -r + 14 + 183*r**2 - 13 + 0*r + 2*r. Let l be g(-1). Suppose -2*j + l = -33. What are the prime factors of j?
2, 3
Let r = 67 + -40. Suppose -23*z + r*z - 880 = 0. List the prime factors of z.
2, 5, 11
Let v(t) = -50 + 9*t**2 + 30*t**2 + 9*t**2 + 22*t - t**3 - 13*t**2. List the prime factors of v(35).
2, 3, 5
Suppose 3*g = c - 48517, -4*c + 168319 + 25710 = g. What are the prime factors of c?
2, 67, 181
Let t(r) = 2*r**3 - 3*r**2 - 4*r + 5. Let c be (-56)/40*3/(-7)*5. Let z be t(c). Suppose 10*g - 2640 = -z. List the prime factors of g.
2, 131
Let b = 59 - 43. Suppose 11*p = b*p + 195. What are the prime factors of (p/(-4))/(30/80)?
2, 13
Suppose -60*h + 274969 + 3071 = 0. What are the prime factors of h?
2, 7, 331
Let g(l) be the first derivative of 7*l**2/2 - 6*l + 10. Let v be g(3). What are the prime factors of v/((-225)/10) + (-616)/(-6)?
2, 3, 17
Suppose 0 = f - 248*a + 253*a - 34801, 2*a = -f + 34816. What are the prime factors of f?
2, 11, 1583
Let x(l) be the first derivative of 29*l**2/2 + 16*l + 89. What are the prime factors of x(9)?
277
Suppose 0 = 1548*y - 1559*y + 12188. List the prime factors of y.
2, 277
Let d = 987 - 1473. Let c = -93 - d. What are the prime factors of c?
3, 131
Let x be (-35 + 34)/((-2)/(-14)). What are the prime factors of x/(-7) - -559 - -1?
3, 11, 17
Let n be 2/4*4*(2 + -1). Let l be n*1/7 + (-430)/(-14). Suppose k + l = 80. What are the prime factors of k?
7
Let n = 8 - -7. Let u(z) = -z**3 + 18*z**2 - 16*z - 2. List the prime factors of u(n).
433
Let r(g) = -g**3 - 10*g**2 - 17*g - 7. Let h be r(-7). List the prime factors of (-7)/h - (5448/(-20))/3.
7, 13
Suppose 7215251 + 3296357 = 53*w + 119*w. List the prime factors of w.
2, 30557
Let l(x) = -404*x - 3091. List the prime factors of l(-29).
3, 5, 23
Let a(z) = 7*z + 88. Suppose 168 = -7*t + 203. List the prime factors of a(t).
3, 41
List the prime factors of ((-9435)/4 - 14)/(1/(-4)).
9491
Let i(h) = h**3 + 42*h**2 + 95*h + 24. What are the prime factors of i(-26)?
2, 3, 5, 31
Suppose -229185 = -5*a - 5*d, -911*d = 4*a - 914*d - 183404. List the prime factors of a.
5, 53, 173
Let w = 46775 + -31124. What are the prime factors of w?
3, 37, 47
Let t = -21888 - -42337. List the prime factors of t.
11, 13
List the prime factors of (-245)/28*(-13 - -7 - 2998).
5, 7, 751
Suppose -h = p + 35, 2*p + 21 